{"id":1538,"date":"2023-03-02T16:06:27","date_gmt":"2023-03-02T16:06:27","guid":{"rendered":"https:\/\/fixundfertig.xyz\/?page_id=1538"},"modified":"2023-03-02T16:07:28","modified_gmt":"2023-03-02T16:07:28","slug":"fix-und-fertig","status":"publish","type":"page","link":"https:\/\/fixundfertig.xyz\/?page_id=1538","title":{"rendered":"Fix und Fertig"},"content":{"rendered":"<p>== [https:\/\/www.fixundfertig.xyz Fix und Fertig] Minimal Punk Band aus N\u00fcrnberg Gegr\u00fcndet 1977 in Wettelsheim und ist aktiv bis heute ==<br \/>\n&#8220;'[[Www.fixundfertig.xyz|Fix und Fertig Minimal Punk]] Band aus N\u00fcrnberg Gegr\u00fcndet 1977 in Wettelsheim aktiv bis heute&#8220;&#8216;<br \/>\n{| class=&#8220;wikitable&#8220;<br \/>\n|&#8220;&#8217;Fix &amp; Fertig&#8220;&#8216;<br \/>\n|<br \/>\n|-<br \/>\n|&#8220;&#8217;Allgemeine Informationen&#8220;&#8216;<br \/>\n|Still on the road<br \/>\n|-<br \/>\n|&#8220;&#8217;Gr\u00fcndung&#8220;&#8216;<br \/>\n|1977<br \/>\n|-<br \/>\n|&#8220;&#8217;Aufl\u00f6sung&#8220;&#8216;<br \/>\n|2077<br \/>\n|-<br \/>\n|&#8220;&#8217;Gr\u00fcndungsmitglieder&#8220;&#8216;<br \/>\n|Thomas Loeffler<br \/>\n|-<br \/>\n|Gesang<br \/>\n|Ludwig Thoma Jun<br \/>\n|-<br \/>\n|Gesang<br \/>\n|Gaby Richter<br \/>\n|}<\/p>\n<p>Hit 198&#8220;4 Cube carrelage blanc in der Tekno scene&#8220;<\/p>\n<p>&#8220;&#8217;Aktuelle Mitglieder&#8220;&#8216;<\/p>\n<p>Bad C Bass Vocals<\/p>\n<p>Timon Bass Vocals Maultrommel<\/p>\n<p>[https:\/\/www.ludwigthomajun.de Ludwig Thoma Jun] Electro Programming<\/p>\n<p>&#8220;&#8217;Gruendungs Mitglieder&#8220;&#8216;<\/p>\n<p>Thomas L\u00f6ffler ( Zattl Gitarre mit der Eisenstange traktiert)<\/p>\n<p>Gabi Richter (Gaby Gier SAxophon Stimmer Korg Casio Synsonic Drums)<\/p>\n<p>&#8220;&#8217;Geschichte:&#8220;&#8216;<\/p>\n<p>1976 kauften sich Gaby ein Saxophon.damit fing alles an. Es wurde ein Hokzstock und ein Besenstiel zusammen montiert fix und fertig war der microstaender.<\/p>\n<p>dann wurde bei Conrad Boxen vom VEB KOMINAT Klingenberg gekauft und ein Hallgeraet.<\/p>\n<p>luuggi kaufte sich von einem Kumpel den Korb Delta f\u00fcr wahnsinnige 3000 DM.Abstottern war angesagt.<\/p>\n<p>dann kauften wir uns den ersten rum Computer DR Rythm und eine Casio und Synsonucdruns von Matel.<\/p>\n<p>Dann wurden alte Radios aufgestellt dienten als Verst\u00e4rker da wurde alles angeschlossen. Es wurden auch Pickup f\u00fcr Gitarre missbraucht als K\u00fcchen Blech Verst\u00e4rker.<\/p>\n<p>den ersten Auftritt  Gab es in dornstadt Wildwechsel.es wurden alte Fernseher aufgestellt vor der B\u00fchne Ameisen rennen .<\/p>\n<p>dann ging alles sehr schnell Festival Rueser Kommt\u2019s mit der ger\u00fchmten ich zeig euch heinen hintern Performance<\/p>\n<p>dann Auftritt Christians Wanderbrettl mutvQuack Quack Erlangen Transfer und nat\u00fcrlich im Subline bei Miachel Demmler.<\/p>\n<p>geiie Zeit<\/p>\n<p>&#8220;&#8217;verwendete Instrumente:&#8220;&#8216;<\/p>\n<p>* Alt Saxophon<br \/>\n* Korg Delta<br \/>\n* Casio<br \/>\n* K\u00fcchenblech<br \/>\n* Fedelhallgeraet<br \/>\n* Metallophon<br \/>\n* Dr Rhythm<br \/>\n* Synsonic Drums<\/p>\n<p>&#8220;&#8217;Alben&#8220;&#8216;<\/p>\n<p>* 1980 : &#8220;Fix &amp; Fertig wie der Lichte Tag&#8220;<\/p>\n<p>&#8220;&#8217;Singles und EPs&#8220;&#8216;<\/p>\n<p>* 1980: &#8220;Cube carrelage Blanc&#8220;<br \/>\n* 1981: &#8220;Quack Quack&#8220;<br \/>\n* 1982: &#8220;Raumschiff enter Prise&#8220;<br \/>\n* 1983: Tape &#8220;mo ma mu&#8220;<\/p>\n<p>* &#8220;&#8217;Studioalben&#8220;&#8216;<\/p>\n<p>* 1977 MO MA MU MC  Gaby Gier Zattel Ludwig<br \/>\n* 1978 Neuzeit MC<br \/>\n* 1979 Wie der lichte Tag<br \/>\n* 1980 Klangt\u00fcte MC<br \/>\n* 1981 Moderne Marsch Musik MC<br \/>\n* 1984 Wie der Lichte Tag II<br \/>\n* 1984 Elephants never sleeps EP Jungle<br \/>\n* 1985 The Soft Toys Animals LP TSTA<br \/>\n* 1994 Ludwig Thoma goes Pop Friends &amp; Relatives CD<br \/>\n* 1995 Bandwettbewerb Ansbacher neue Tonk\u00fcnstler Ansbach House of Pancakes<br \/>\n* 1995 House of Pancakes maximum pancake CD<br \/>\n* 1997 Island&nbsp; CD<br \/>\n* 1998 Lala in dade CD<br \/>\n* 2000 FF goes Italy CD<br \/>\n* 2000 Anscravallo 1. CD<br \/>\n* 2001 Bassd scho CD<br \/>\n* 2006 Therapy CD<br \/>\n* 2007 Edda Zyklus 1<br \/>\n* 2008 Edda Zyklus 2<br \/>\n* 2009 Edda Zyklus 3<br \/>\n* 2010 Vol 1 CD<br \/>\n* 2011&nbsp; Vol 2 CD<br \/>\n* 2012 Vol 3 CD<br \/>\n* 2013 M\u00e4dchen CD<br \/>\n* 2014 Hey 2 the World CD<br \/>\n* 2015 LL CD<br \/>\n* 2016 LL Vol 2CD<br \/>\n* 2017 LL Vol 3 CD<br \/>\n* 2017 Fix und Fertig Neuauflage Wie der Lichte Tag LP<br \/>\n* 2018 LL VOL 4CD<br \/>\n* 2019 AWC Start Unplugged<br \/>\n* 2019 Live in Immeldorf CD<br \/>\n* 2020 KM  LP<br \/>\n* 2020 FB One LP<br \/>\n* 2021 Ganja  Ganja LP<br \/>\n* 2022 Fix und Fertig Trilogy LP<br \/>\n* 2023 Single Release 1+1 = 2<\/p>\n<p>&#8220;&#8217;Livealben&#8220;&#8216;<\/p>\n<p>*<\/p>\n<p>&#8220;&#8217;Kompilationen&#8220;&#8216;<\/p>\n<p>* 2000: Ansc(r)avallo<br \/>\n* 2002: Lieder, Songs &amp; Chansons 2003<br \/>\n* 2009: Ansc(r)avallo 2<\/p>\n<p>&#8220;&#8217;Videos&#8220;&#8216;<\/p>\n<p>Side Projects<\/p>\n<p>* The Dawn of the Dark<br \/>\n* Dadaismus-ic<br \/>\n* Suzi Que and the Bartenders<br \/>\n* Fishbrook Band<br \/>\n* fishbrook<br \/>\n* Chaisson Nobles<br \/>\n* Diezone<br \/>\n* toi et moi<br \/>\n* Lou Metal<br \/>\n* Ludwig Thoma Jun. &amp; Friends<br \/>\n* Minefate<br \/>\n* Ludwig Thoma Jun Meets LTj<br \/>\n* Barfu\u00df &amp; Lackschuh<br \/>\n* TSTA<br \/>\n* Luggi Hitman<br \/>\n* Gigi Hitman<br \/>\n* Das Heimdall Projekt<br \/>\n* The Soft Boys<br \/>\n* Various Artists<br \/>\n* Fix und Fertig feat Ludwig.London<br \/>\n* Ludwig London Meets Fix und Fertig<br \/>\n* House of Pancakes<br \/>\n* LTj Ludwig Thoma jun<br \/>\n* Ludwig London Band<br \/>\n* Ludwig London &amp; DJ Vision<br \/>\n* Turn The Beat On<br \/>\n* Schandkranz<br \/>\n* Ludwig London feat. Fix und Fertig<br \/>\n* Ludwig.London &amp; The Velvets<br \/>\n* | M | o | M | Master | of | Mars |<br \/>\n* The Synsonics<br \/>\n* Anne Clark feat. Fix und Fertig &amp; Ludwig London<br \/>\n* Fix und Fertig Anne Clark &amp; Ludwig.London<br \/>\n* Ludwig.London feat. Andreas Juergensen<br \/>\n* Fix und Fertig 1<br \/>\n* KPUTT<br \/>\n* Ludwig.London and the Hitmans<br \/>\n* The Soft Toys Animals<br \/>\n* Elephant Never Sleeps<br \/>\n* Xeneration<br \/>\n* Ich und Du<br \/>\n* Gaby Gier feat. Ludwig London<br \/>\n* Anscravallo Vol 3 World First<br \/>\n* Ludwig London Meets Rossalina<br \/>\n* Narziss and Goldmund<br \/>\n* Anne Clark &amp; Ludwig London<br \/>\n* Heimdall<br \/>\n* Hop<br \/>\n* Ludwig Thoma Jun<br \/>\n* Fix und Fertig<br \/>\n* X-eneration<br \/>\n* Ludwig London<\/p>\n","protected":false},"excerpt":{"rendered":"<p>== [https:\/\/www.fixundfertig.xyz Fix und Fertig] Minimal Punk Band aus N\u00fcrnberg Gegr\u00fcndet 1977 in Wettelsheim und ist aktiv bis heute == &#8220;'[[Www.fixundfertig.xyz|Fix und Fertig Minimal Punk]] Band aus N\u00fcrnberg Gegr\u00fcndet 1977 in Wettelsheim aktiv bis heute&#8220;&#8216; {| class=&#8220;wikitable&#8220; |&#8220;&#8217;Fix &amp; Fertig&#8220;&#8216; | |- |&#8220;&#8217;Allgemeine Informationen&#8220;&#8216; |Still on the road |- |&#8220;&#8217;Gr\u00fcndung&#8220;&#8216; |1977 |- |&#8220;&#8217;Aufl\u00f6sung&#8220;&#8216; |2077 |- &#8230; <a title=\"Fix und Fertig\" class=\"read-more\" href=\"https:\/\/fixundfertig.xyz\/?page_id=1538\">Read more<span class=\"screen-reader-text\">Fix und Fertig<\/span><\/a><\/p>\n","protected":false},"author":1,"featured_media":0,"parent":0,"menu_order":0,"comment_status":"closed","ping_status":"closed","template":"","meta":{"footnotes":""},"class_list":["post-1538","page","type-page","status-publish"],"_links":{"self":[{"href":"https:\/\/fixundfertig.xyz\/index.php?rest_route=\/wp\/v2\/pages\/1538","targetHints":{"allow":["GET"]}}],"collection":[{"href":"https:\/\/fixundfertig.xyz\/index.php?rest_route=\/wp\/v2\/pages"}],"about":[{"href":"https:\/\/fixundfertig.xyz\/index.php?rest_route=\/wp\/v2\/types\/page"}],"author":[{"embeddable":true,"href":"https:\/\/fixundfertig.xyz\/index.php?rest_route=\/wp\/v2\/users\/1"}],"replies":[{"embeddable":true,"href":"https:\/\/fixundfertig.xyz\/index.php?rest_route=%2Fwp%2Fv2%2Fcomments&post=1538"}],"version-history":[{"count":3,"href":"https:\/\/fixundfertig.xyz\/index.php?rest_route=\/wp\/v2\/pages\/1538\/revisions"}],"predecessor-version":[{"id":1547,"href":"https:\/\/fixundfertig.xyz\/index.php?rest_route=\/wp\/v2\/pages\/1538\/revisions\/1547"}],"wp:attachment":[{"href":"https:\/\/fixundfertig.xyz\/index.php?rest_route=%2Fwp%2Fv2%2Fmedia&parent=1538"}],"curies":[{"name":"wp","href":"https:\/\/api.w.org\/{rel}","templated":true}]}}